List the prime factors of h.
3, 5
Let q be ((-6)/(-8) + 0)*-4. Let c = 6 + q. What are the prime factors of c?
3
What are the prime factors of 3/6 - (3890/(-4))/5?
3, 5, 13
Suppose -3*j = -536 - 181. What are the prime factors of j?
239
Suppose 25*i + 150 = 27*i. What are the prime factors of i?
3, 5
Suppose -3*c + 124 - 9 = -4*u, c - 2*u = 39. List the prime factors of c.
37
Let x = -175 - -361. List the prime factors of x.
2, 3, 31
Suppose -6*d = -3*d - 1089. List the prime factors of d.
3, 11
Suppose 4*l + 758 + 114 = 4*t, 2*t = l + 432. What are the prime factors of t?
2, 107
Let l(o) = -o**2 - 6*o - 3. Let g be l(-5). List the prime factors of g/5 - (-192)/20.
2, 5
Let p(y) = 2*y + 3. Let n(d) = d + 2. Let v(c) = -14*n(c) + 6*p(c). Let a(f) = f**2 + 8*f - 1. Let z be a(-7). What are the prime factors of v(z)?
2, 3
Let l(w) be the third derivative of w**4/8 - w**3/6 + 3*w**2. Suppose -3 + 5 = 2*y. List the prime factors of l(y).
2
Let u = 11 + -3. Let v be 4/(u/6) - 1. What are the prime factors of 1*14*1/v?
7
Let u(p) = -6*p - 2. Let b be u(-2). Let s = -4 + b. What are the prime factors of s?
2, 3
Suppose 0*t + 176 = 2*h - 4*t, -t + 370 = 4*h. List the prime factors of h.
2, 23
Let m be (-15)/(-1 + (-1)/(-2)). Let x be (-2)/5*m/6. List the prime factors of 9*(0 - x/3).
2, 3
What are the prime factors of (-60)/(-20) + 2*2?
7
Let u(f) = f**2 + 2*f + 6. What are the prime factors of u(-5)?
3, 7
Suppose 0 = -t - 3*t + 20. Suppose -3*u + 18 = -5*d, -2*d - 52 = -t*u - d. What are the prime factors of u?
11
Let k(x) = x + 4. Suppose 0 = 5*o + 9 - 34. What are the prime factors of k(o)?
3
Suppose -3*u - 2*u + 100 = 0. Suppose -5*f + u = -0*f. List the prime factors of f.
2
Suppose 4*n + 5*y + 62 = -0*y, 5*y + 10 = 0. Let l = n + 41. List the prime factors of l.
2, 7
Suppose 9 - 3 = w. List the prime factors of (-28 + 14)/((-4)/w).
3, 7
Suppose -3*d + 4*d - i - 6 = 0, 23 = 5*d + 2*i. List the prime factors of 0/d + (5 - 1).
2
Suppose -v = 3*x - 208, 0 = -3*v + 2*v + 1. List the prime factors of x.
3, 23
What are the prime factors of -48*((-2)/(-15))/(1/(-35))?
2, 7
Suppose -5*d - l = -37, -2*d + 3*l + l = -28. What are the prime factors of 48 + d*3/(-6)?
2, 11
Let m(u) be the first derivative of u**4/4 + 4*u**3/3 - 3*u**2 + 2. List the prime factors of m(-5).
5
Suppose 4*p = 7*p. Let s(i) = 5*i. Let g be s(1). Let h = g - p. List the prime factors of h.
5
Let r(y) = y**2 - 11*y - 1. List the prime factors of r(-11).
241
Let c(h) = 13*h**2 - 12*h - 17. Let f(r) = 3*r**2 - 3*r - 4. Let u(q) = -2*c(q) + 9*f(q). Let w = 6 - 8. What are the prime factors of u(w)?
2
Let k(f) = f - 2 - 2*f + 11. What are the prime factors of k(0)?
3
Let y(o) = o**2 - 7*o. Let j be y(7). Suppose -4 = -2*n - j*n. List the prime factors of n.
2
Suppose 0 = 7*b - 3*b + 4*j - 404, 4*j - 305 = -3*b. What are the prime factors of b?
3, 11
Suppose -4*w + 2*j + 18 = 0, 1 = 4*w - 3*j - 16. What are the prime factors of w?
5
Let c(r) = r + 5. Let z be c(-4). List the prime factors of -3*(z - (-57)/(-9)).
2
Let f = 17 + 5. Let d = 34 - f. List the prime factors of (-3)/d - 219/(-12).
2, 3
Let r be 3 - (-5 - -2)/3. Suppose -r*o + 33 = -c, -o + 27 = 4*c + 6. List the prime factors of o.
3
Suppose 5*q = 5 + 10. Suppose -q*w = z - 9, -3*w = -5*z - 8*w + 45. What are the prime factors of z?
3
Let w = -5 + 11. Let j(i) = i**3 - 5*i**2 - 3*i - 6. What are the prime factors of j(w)?
2, 3
Suppose -7*z + 2*z = -40. Let f be 5/2 + (-4)/z. Suppose 5*h + n - 40 = 0, 2*h + 4*n + f = -0*n. What are the prime factors of h?
3
Let c(y) = y**2 - 6*y + 7. List the prime factors of c(6).
7
Let i(h) = 3*h**3 - 5*h**2 + 2*h + 4. What are the prime factors of i(3)?
2, 23
Let g be 12/2*(-3 + 4). Let d = 11 - g. What are the prime factors of d?
5
Suppose 0*b + 12 = -3*b. Let c(n) = -10*n - 4. List the prime factors of c(b).
2, 3
Let u(c) = c**3 + 9*c**2 - 9*c + 5. Let w be u(-10). Let t(m) = -m + 6. List the prime factors of t(w).
11
Suppose -4*l + 3*l = 2*g - 81, 2*g + 3*l - 87 = 0. Let z = -1 - -4. What are the prime factors of z/12 - g/(-4)?
2, 5
Let o(i) = -2*i**2 + 14*i - 8. List the prime factors of o(5).
2, 3
Let c = 5 + 0. Let v = -3 + c. List the prime factors of v.
2
Suppose 0 = 3*g - 5*a - 6 + 16, g - 4 = -2*a. Suppose 6 = 3*q - 2*o - 28, g = -5*q + o + 66. What are the prime factors of q?
2, 7
Suppose -234 = -4*m - 2*d, -3*m + 168 = -0*m + 3*d. Let l = m + -22. Suppose 3*x + 52 + 0 = 4*s, -3*s + 2*x = -l. List the prime factors of s.
13
Let d(h) be the first derivative of -h**3/3 + h**2/2 + 14*h - 2. Let k(y) = -y**3 + y**2 + y. Let s be k(0). What are the prime factors of d(s)?
2, 7
What are the prime factors of (27/6)/(2/4)?
3
Suppose 3*o + 2*o = 90. Let d = o - 12. List the prime factors of d.
2, 3
Suppose -6*y = -4*y - 14. Suppose v + 6 = n - y, 5*n - 105 = -3*v. List the prime factors of n.
2, 3
Suppose 2*r - 32 = 2*m, 0*r + r - 16 = 5*m. Suppose -5*d + 5*j + 50 = 0, j = 3*d + 5*j - r. What are the prime factors of d?
2
Let s(p) = -p + 7. Let c be s(5). Suppose 3 = -3*x - 3*w - 2*w, c*x = -5*w - 7. What are the prime factors of x?
2
Let u(s) be the first derivative of s**2/2 - s - 1. Let j be u(2). What are the prime factors of ((-6)/(-12))/(j/40)?
2, 5
Suppose w - 7 = -f, 0 = -3*f + f + 4*w - 16. Let d(g) = -6*g**f + 1 - 5*g - 8 + 1 - 4 + g**3. What are the prime factors of d(7)?
2
Let x(y) = 2*y**3 + 3*y**2 + 2*y. Let o be x(-2). Let m = o + 20. List the prime factors of m.
2, 3
Suppose 5*s = -7 - 98. Let v = 36 + s. What are the prime factors of v?
3, 5
Suppose -3*t - 4 - 2 = 0. What are the prime factors of 13 + 4*1/t?
11
Suppose v - 6*v = -145. List the prime factors of v.
29
Suppose 4*n + 3 = 19. Let c = n - -23. List the prime factors of c.
3
Let r be (-6)/30 + 22/10. Let q(z) = 4*z + 1. Let v be q(r). Suppose -v = -d + 5*c, 4*c = -d - 0*c + 9. What are the prime factors of d?
3
Let a(u) = -u**2 - 7*u + 3. Let b(l) = -3*l**2 - 21*l + 8. Let t(o) = 7*a(o) - 2*b(o). Let s be ((-7)/(-5))/((-1)/5). List the prime factors of t(s).
5
Let h = -9 + 7. What are the prime factors of 28*2/(h/(-1))?
2, 7
What are the prime factors of (14 - 13)*(67 - 0)?
67
Suppose -54*u = -51*u - 342. What are the prime factors of u?
2, 3, 19
Suppose -3*g - 2*g + 15 = 0. Suppose 0 = -y + 4*h + 6, -g*h = 2*y - 3 + 2. What are the prime factors of -1*y*(-19)/2?
19
Let a(x) = x + 9. Let p be a(-7). List the prime factors of 11 - 0*p/(-4).
11
Let w = 31 + -5. Suppose -3*k + w = -k. Suppose 0 = -3*f + 4*s + k, 5*s - 2 = -7. List the prime factors of f.
3
Let i be 25/6 + 3/(-18). Let g be (-14)/(-2 + i + -3). What are the prime factors of (-10)/(-4)*g/5?
7
Let f(g) = -g**3 - 2*g**2 + 3*g. List the prime factors of f(-4).
2, 5
Let d(x) = x**2 + 5*x - 20. List the prime factors of d(6).
2, 23
Let n = 2 + -3. Let q = -1 - n. Suppose 0 = -2*x - q*x + 40. What are the prime factors of x?
2, 5
List the prime factors of ((-5)/3 + 1)/(2/(-489)).
163
Suppose i + 7*i = 632. What are the prime factors of i?
79
Suppose -5*j - 2 = 8. List the prime factors of (j - -5) + 1 + 2.
2, 3
Let q(y) = y + 25. Let n be q(0). Let d be (70/n)/(1/10). List the prime factors of (d/5)/((-8)/(-20)).
2, 7
Let i(o) = o**2 + 5*o - 4. Suppose -6*t = -5*t + 8. List the prime factors of i(t).
2, 5
Let q(z) = -2*z - 6. Let m be q(-6). Let b be (m/(-5))/(6/140). What are the prime factors of (b/6)/(4/(-6))?
7
List the prime factors of (132/30)/(2/70).
2, 7, 11
Suppose 3*t + 0*t = 33. Suppose -2*o - a = -9, 0*o = -3*o - a + t. Suppose -11 = -o*z + 3. What are the prime factors of z?
7
Let q = 9 - 15. Let b be (-12)/q + 1 + -6. Let n(f) = f**2 + 3*f + 2. List the prime factors of n(b).
2
Let t(k) = -4*k - 5. What are the prime factors of t(-9)?
31
Let y(z) = 2*z - 1. What are the prime factors of y(4)?
7
Let j be (-5)/20 - (-42)/8. Let g = 0 + j. List the prime factors of (g - 6) + (7 - 0).
2, 3
Let g(f) = -f**3 + 5*f**2 + f - 1. Suppose d - 5*y = -d + 28, 0 = -3*d - 3*y. What are the prime factors of g(d)?
19
Suppose n - 2*n = -1. Let v(u) = 9*u - 1. List the prime factors of v(n).
2
Suppose 4*o - 14 = i, -2*o + 6*o = -i + 18. Suppose 4*z - 12 = 2*z. Suppose -4*g - z*x + 3*x + 51 = 0, 0 = -3*g - i*x + 38. List the prime factors of g.
2, 3
Let k(j) = 